 is the units digit of o?
9
Let r(i) = -i - 18. Let u be r(-8). Let o(t) = 2*t**2 - 10*t + 6. What is the tens digit of o(u)?
0
Suppose 0 = -10*c + 30366 + 8684. What is the units digit of c?
5
Let t(x) = -x**2 - 20*x + 11. Let u be t(-10). Suppose -37 = -4*g + u. What is the units digit of g?
7
Let d(j) = 6*j - 1. Let m be d(1). Suppose m*f = -3*f + 536. What is the tens digit of f?
6
Let j(n) = -6*n + 2. Let r(x) = -x + 1. Let u(g) = j(g) + 4*r(g). What is the units digit of u(-2)?
6
Let g(n) = -3*n + 626. What is the units digit of g(0)?
6
Let g be 20/(-70) + -2 + 2241/(-21). Let m = g - -171. What is the tens digit of m?
6
Suppose -6 = -5*s + 4. Let t(a) = 2*a**2 - 6 + 4 + 9*a + 10 - s. What is the tens digit of t(-8)?
6
Suppose -3*m = -3*k + 1077, 0 = -2*m + 2. What is the units digit of k?
0
Let z = 2608 + -533. What is the hundreds digit of z?
0
Suppose -10*k + 2015 = -5*k. What is the hundreds digit of k?
4
Suppose 4379 = -10*j + 14*j + 3*q, 3*j + 4*q - 3279 = 0. What is the thousands digit of j?
1
Suppose -4*d + 16 = -2*d. Let g(w) = 3*w - 19. Let n be g(d). Suppose 0*a = -5*a - 5*f + 50, n*a - 20 = f. What is the units digit of a?
5
Suppose 0 = -5*h + 3*v + 8450, -5*h - 575 = -2*v - 9020. What is the thousands digit of h?
1
Let t(o) = -o**3 + 17*o**2 - 16*o + 21. Let x be t(16). Suppose -x = -0*l - l. What is the tens digit of (-3 + -1)/((-3)/l)?
2
Let t(b) = -224*b + 58. Let h be t(-11). Suppose h = -7*j + 20*j. What is the units digit of j?
4
Suppose 0 = -5*u + 53*u - 22320. What is the hundreds digit of u?
4
Let x be 9/4 - 3/(-4). What is the units digit of (4 - 5) + x + 24?
6
Let p = -43 + 47. What is the units digit of 107/(p/6 + (-2)/(-6))?
7
Let n(k) = -k**3 + 5*k**2 - 4*k. Let j be n(3). Let u = 9 - j. What is the units digit of u?
3
Let a be -2 - ((-99)/18 + (-1)/(-2)). Suppose -182 = -a*t + 130. What is the units digit of t?
4
Let o(c) be the second derivative of -29*c**3/3 + 6*c. Let a be o(-1). Suppose j + s = 4*j - 174, j = -4*s + a. What is the tens digit of j?
5
What is the tens digit of (112/(-6))/(30/(-315))?
9
Suppose 6*q + 81 = 327. Suppose 0 = z + 5*c + 12 + 33, 0 = -5*z + c - 121. Let f = z + q. What is the units digit of f?
6
Let c(v) = 29*v**2 - 2*v - 9. What is the tens digit of c(-6)?
4
Let v(d) = -1 + 4 - d**2 + 3 + 3*d - 1. Let i be v(10). Let l = -26 - i. What is the units digit of l?
9
What is the hundreds digit of (-206)/1*(-5 - 54/(-12))?
1
What is the hundreds digit of (-6)/8 - (-11466)/24?
4
Suppose 4*g + 0*g = 2*x + 12, 4*x = -g + 3. Suppose -2*a - 13 = -37. What is the units digit of g*(32/a + -2)?
2
Suppose 5447 = 5*b + 2*l - 14240, 4*l + 7894 = 2*b. What is the thousands digit of b?
3
Let i(x) = x**2 + 2*x - 85. What is the units digit of i(-25)?
0
Suppose 4*o = -4*d + 4, -2*d - 5*o = -10*o + 33. What is the tens digit of d/30 - 1504/(-30)?
5
Let y(k) = k**3 + 3*k**2 + 2*k + 1. Let b be y(-2). Let h(f) = 7*f**2 + 14*f**2 + 32*f**2 - f + 9*f**2. What is the tens digit of h(b)?
6
Let v = 108 + -102. What is the tens digit of 55 + (v/(-15) - (-8)/(-5))?
5
Let h = -82 + 84. Suppose c = 5*w + 298, 4*c - 1117 = -3*w - h*w. What is the units digit of c?
3
Suppose 4*u + 3 = -49. What is the units digit of (-3 - u - 2*2)*4?
4
Suppose -5*b - 2 = 5*v + 8, v - b + 4 = 0. What is the tens digit of (v/15*-222)/((-6)/(-15))?
1
Let f = 7 + -10. Let k be (3 + -5 + 2)/f. Suppose 48 = 4*q - k. What is the tens digit of q?
1
Suppose -11*c + 8371 - 176 = 0. What is the units digit of c?
5
Let j(y) = 4*y**3 + 3*y**2 - 13*y + 39. What is the hundreds digit of j(8)?
1
Let q(h) = -6*h - 75. Let u be q(-13). Suppose w - 109 = 2*v, 2*w - v = -u*w + 563. What is the hundreds digit of w?
1
Suppose -2 = d, -33 + 3423 = 4*r + d. What is the units digit of r?
8
Let z = 1304 + -916. What is the tens digit of z?
8
Let b = -362 - -190. Let j = 288 + b. What is the hundreds digit of j?
1
Let u(k) = -92*k + 122. What is the thousands digit of u(-20)?
1
Suppose 6*f - 24 = -6*f. Suppose -37 = -f*x + 43. What is the units digit of x?
0
Suppose -f = -3*f + 24. What is the tens digit of (-3)/(4/((-160)/f))?
1
Let c = 5 + -2. Suppose 0 = 3*l + o + 4*o - 40, -c*l + 80 = -5*o. What is the tens digit of l?
2
What is the hundreds digit of (-3896)/(-26) + (-10)/(-65)?
1
Let c = -209 - -365. Let f = -94 + c. What is the tens digit of f?
6
Let u be ((-20)/3)/((-7)/21). Let c = u + -15. Let b(j) = 6*j - 9. What is the tens digit of b(c)?
2
Suppose -5*j = -a + 19, 18 + 3 = 3*a - 3*j. Suppose 0 = a*w - 11 - 1. Suppose 2*q + 2*u + 20 = 3*q, 5*q + w*u - 61 = 0. What is the units digit of q?
4
Let m(t) = -120*t - 452. What is the thousands digit of m(-23)?
2
Let j(y) = y**3 - 12*y**2 + 3*y - 11. Let n be j(12). Suppose h = 9 + n. Suppose p - a - h + 13 = 0, -5*p - 2*a = -77. What is the tens digit of p?
1
Let f(p) = -p**3 - 20*p**2 + 22*p + 28. Let c = -3 - 18. What is the units digit of f(c)?
7
Let w be -1 + -4 - -1 - 1. Let a(q) = 3*q - 11. Let u be a(w). Let y = u + 61. What is the units digit of y?
5
Let c(f) = -5*f - 7. Let l be c(-4). Let z(k) = k**2 - 5*k - 17. What is the units digit of z(l)?
7
Let t(b) = b**3 + 20*b**2 - 8*b - 39. What is the hundreds digit of t(-19)?
4
What is the units digit of (6/4)/((-69)/(-32108))?
8
Let f = -1227 - -2192. What is the hundreds digit of f?
9
Suppose -4*f - 2*a = -2188, 4*f - 2*a + 6*a = 2188. Suppose f + 71 = 6*q. What is the units digit of q?
3
Let d(i) = -16*i + 12. Let q be d(-21). Suppose -6*n + q + 372 = 0. What is the hundreds digit of n?
1
Suppose -115 = -2*p - 29. Let c = 95 - 81. Suppose -3*b + c + p = 0. What is the units digit of b?
9
Let l(g) = -g + 6. Let u be 0/1*(-3 + 4). Let y be l(u). Let o(c) = 5*c - 9. What is the tens digit of o(y)?
2
What is the tens digit of (-3)/6 + 4101/6 + -4?
7
Let u be 11/11*1*15. Let c(j) = 5*j - 47. What is the units digit of c(u)?
8
Let p(y) = y**2 + 6*y - 16. What is the hundreds digit of p(17)?
3
Suppose -4 = -2*h + 4*p - 0*p, -4*h + 4*p + 8 = 0. Suppose -2*t - h*v + 54 = -24, 5*t - 3*v - 163 = 0. What is the units digit of t?
5
Let j(v) = v**3 + 12*v**2 + 2*v - 13. Let f be j(-12). Let g = -23 - f. What is the units digit of g?
4
Suppose 2*a = -a + 6. Suppose -3*x - o = -133, -o - o - 102 = -a*x. Suppose -2*u + x = -0*u. What is the units digit of u?
3
Suppose -7*r - 1500 = -9*r + 2*z, 3*r - 2252 = 5*z. What is the units digit of r?
9
Let i = 53 - 48. Suppose 4*j - 199 = i*y, j + y = -y + 40. What is the tens digit of j?
4
Suppose -24*h = -4617 - 4239. What is the tens digit of h?
6
Suppose 5*a + 5*f + 361 - 1651 = 0, 0 = -3*a + 5*f + 806. Suppose 0 = 3*y - 15, 5*y - a = -2*i + 23. What is the tens digit of i?
3
Let y be 4/14 + (-138)/(-7). Suppose 3*m - 113 = 8*b - 3*b, -5*m + 4*b = -197. Let q = m - y. What is the tens digit of q?
2
What is the thousands digit of 1267 - -5*9/(-5)?
1
Let s = -2496 + 6744. What is the thousands digit of s?
4
Let b(j) = 3*j**2 - 2*j + 15. Let m(p) = p**2 - 5*p. Let k(a) = -a. Let f(w) = -4*k(w) + m(w). Let h(r) = -b(r) + 4*f(r). What is the units digit of h(-7)?
8
Let q = -10 + 147. Let h = 294 - q. What is the tens digit of h?
5
Let i(g) = -g**3 - g**2 + 2*g + 5. Let x be i(0). Suppose 171 = 4*l + x*l. What is the units digit of l?
9
Let w = 14 - 11. Suppose q + w*q - 152 = 0. What is the units digit of q?
8
Let b(i) be the first derivative of -i**4/4 + 3*i**3 + 5*i**2/2 + 7*i + 68. Suppose o = 3*d + 2*d - 48, 0 = 4*o + 12. What is the units digit of b(d)?
2
What is the units digit of 16079/21 - 8/12?
5
Let y(v) = 2*v + 31 - 8*v - 54. What is the tens digit of y(-20)?
9
Suppose -4*j = -d + 12, -4 = -5*d + 4*j + 24. Suppose -d*o = -o - 96. What is the tens digit of o?
3
Let b(f) = -f**2 + 16*f - 40. Let u be b(12). Suppose u = s - 95. What is the tens digit of s?
0
Let v = -1178 + 1681. What is the hundreds digit of v?
5
Let d(o) = o + 2. Let v be d(0). Suppose -5*j - 35 = -v*j + 5*z, -2*j + 3*z + 2 = 0. Let b(s) = s**3 + 4*s**2 - 7*s - 1. What is the units digit of b(j)?
9
Let a(m) = -m**3 + 3*m**2 - m + 1. Let o be a(2). Suppose -o*b - 1357 = 908. What is the tens digit of b/(-40) + 2/16?
1
Suppose f - 4 = -3*f - 3*l, 4*f - 5*l - 36 = 0. Suppose -3*s - 6 - 3 = 2*m, -3*m - 5*s - 16 = 0. Suppose -m*u = u, -f*u = x - 24.